t is the tens digit of x?
6
Let x = -123 + 216. What is the units digit of x?
3
Let i = 91 - 56. Let j(m) = 14*m**2 - 7*m**2 + 34 + 3*m - m - i. What is the tens digit of j(-2)?
2
Let x(f) = 3 + 156*f**2 + 23*f - 13*f**2 - 7*f - 17*f. What is the hundreds digit of x(1)?
1
Suppose -3*m - 2*m = -2*o + 22, o + 2*m + 7 = 0. What is the hundreds digit of o/(2*(-1)/41)*-14?
2
Let a(d) = 34*d**2 - 11*d - 29. What is the hundreds digit of a(-6)?
2
Let i = -106 - -100. Let t(v) = 5*v**2 - 6*v - 11. What is the hundreds digit of t(i)?
2
Let a = 34 - 39. Let y(v) = 7*v**2 - v + 27. What is the tens digit of y(a)?
0
Let x(j) be the second derivative of j**4/4 - 5*j**3/3 + j**2/2 - 9*j. What is the tens digit of x(7)?
7
Let x be -6*4/(-16)*2. Suppose -x*y + y + 6 = 0. Suppose -2*k - 5*v + 83 = 0, y*v = k - 2*v - 49. What is the tens digit of k?
4
Suppose 44 = 3*n - 4*r, 18 = -4*n + 5*n - 2*r. Let t = n - -11. Let z = t - 10. What is the units digit of z?
9
Let a(g) be the second derivative of g**4/4 - g**3/2 - g**2/2 - 4*g. What is the tens digit of a(-2)?
1
Suppose 0 = -5*m + 1233 - 3. What is the hundreds digit of m?
2
Suppose -3*t = -4*l - 12268, 8*l - 12*l - 4 = 0. What is the units digit of t?
8
Let k(z) be the second derivative of z**5/4 + z**4/4 + z**3/2 - 3*z**2 - 25*z. What is the hundreds digit of k(3)?
1
Let v be (7*-1)/(1/(-59)). Suppose -5*w + v = -7. Suppose -3*z - w = -3*h + z, 3*z = 0. What is the tens digit of h?
2
Let v(k) = -k**3 + 18*k**2 + 6*k + 30. Let i be v(18). Let m be (-2106)/(-10) - (-2)/5. Let a = m - i. What is the tens digit of a?
7
Suppose -2*q + 50 = 170. Let t be q/(-25) + (-3)/(-5). Suppose -t*p + 3*f + 109 - 37 = 0, -f = 5*p - 132. What is the tens digit of p?
2
Let y(n) be the second derivative of 147*n**5/20 - n**4/12 - 4*n. Let q be y(1). Suppose 0 = -4*i + 50 + q. What is the tens digit of i?
4
Suppose -2037 = -12*b + 5031. What is the hundreds digit of b?
5
Let l(d) = 58*d**2 - 46*d - 310. What is the tens digit of l(-6)?
5
Suppose -2*d + d - 4*j = 10, 0 = 5*j + 20. Let m be (-5 - d/(-3)) + -1. Let v = m - -8. What is the units digit of v?
4
Let j(x) = 13*x**2 + x + 43. What is the units digit of j(5)?
3
Let r = 414 + 26. Suppose -4*x + c = x - r, c = -x + 88. What is the tens digit of x?
8
Let k be 4/2 + 0 + -19. Let a(d) = -4*d**2 - 3*d. Let o(v) = -11*v**2 - 9*v - 1. Let i(j) = k*a(j) + 6*o(j). What is the tens digit of i(-3)?
2
Suppose -8*y = 7*y + 210. What is the units digit of (-1212)/(-14) - (-2 - 22/y)?
7
Let f be (3 - 0)/(-1) - -7. Suppose -6*i + i = 0, 0 = -5*p - f*i + 200. What is the tens digit of p - (-1 + 4 + 1)?
3
Suppose -4*o - 7 = 1, 5*b - 5*o - 35 = 0. Suppose 18*k - 43*k = -125. Suppose 2*h - k*t - 99 = 0, -b*t = -3*h + 2*h + 62. What is the units digit of h?
7
Let b(q) = -q**2 + 14*q - 6. Let h = -41 - -51. What is the tens digit of b(h)?
3
Let g(o) = 8*o**2 - 2*o + 7. What is the hundreds digit of g(-5)?
2
Let x = -171 - -246. Suppose 0 = 4*h - 217 - x. What is the tens digit of h?
7
Let y be (-8)/6*9/(-6). Suppose -2*v - y*c = -268, 2*c + 3 = 5. What is the units digit of v?
3
What is the thousands digit of (9 - (6 - -8))*-556?
2
What is the units digit of (-8)/10*(11005/(-10) + -7)?
6
Suppose -2*p + 1000 = -3908. What is the hundreds digit of p?
4
Suppose 31 = -5*m + 2*p, 13 - 5 = -4*m - 4*p. What is the tens digit of (m - -1)/((-16)/136)?
3
Let i(p) = 271*p - 209. What is the tens digit of i(12)?
4
Let t be (-576)/(-10) + (-10)/(-25). Let s = t + -37. What is the units digit of s?
1
Let k(z) = 163*z**3 + 2*z**2 - z - 3. Let j be k(2). Suppose 0 = 8*b - 325 - j. What is the tens digit of b?
0
Suppose 4*d = -4*i + 1252, 4*i + 3 = -2*d + 1261. What is the tens digit of i?
1
Suppose -92 = -3*v - v - 2*l, 5*l = 4*v - 92. Suppose -v = 3*g - 98. Let z = -6 + g. What is the tens digit of z?
1
Suppose 18*d = 280 + 782. What is the units digit of d?
9
Let t be (0 - 2)/(2/7). Suppose 296*m + 48 = 293*m. Let f = t - m. What is the units digit of f?
9
Suppose 0 = -i + d + 1231, 5*i - 2479 - 3676 = -4*d. What is the tens digit of i?
3
Let o(a) = a**3 - 5*a**2 + 2*a - 1. Let i be o(5). Suppose -4*n + 10 = -i*n. What is the tens digit of -2*(11*n + 0)?
4
Let l(x) = -x + 3. Let m be l(0). Suppose o - m*g = -g + 72, g + 396 = 5*o. What is the units digit of o?
0
Suppose 803 = 2*p + 4*s - 3619, 0 = -5*p - 5*s + 11075. What is the units digit of p?
9
Suppose -3*h + 2*h = -94. Let o = -85 + 90. Suppose -o*n + h = -3*n. What is the units digit of n?
7
Let s(k) = -k**3 - 10*k**2 + 15*k - 20. Let t(w) = -w**2 + w - 1. Let j(b) = -s(b) + 6*t(b). What is the units digit of j(4)?
6
Suppose -42*c + 2685 = -39*c - 3*j, -4475 = -5*c + 4*j. What is the units digit of c?
5
Let n = -2 + 13. Let m = n - 3. What is the tens digit of ((-26)/m)/(6/(-48))?
2
Suppose 0 = d + 2*d - 9. Suppose -o - 4 = d*a, 30 - 2 = 2*o - 3*a. Suppose 0 = -3*i - 3*l + 72, o = -2*i - 3*l + 52. What is the units digit of i?
8
Suppose 100 = -a + 4*q, 397 = -5*a + 5*q - 103. Let r = a + 144. Suppose -r - 31 = -3*d. What is the units digit of d?
5
Let s(h) = -4*h**2 + 5*h**2 - 10*h - 17*h - 39 - 2*h**2. What is the units digit of s(-20)?
1
Let h = 466 - -273. What is the tens digit of h?
3
Let v be 410/4*(0 + -5 + 3). What is the units digit of v/(-2) - 33/66?
2
Let c(o) = 4*o**2 + 8*o. Let s be c(-2). Suppose s = -8*x + 143 + 449. What is the tens digit of x?
7
Let s be 0 + 3 + -2 + -5. Let c be s/(-26) + 150/39. Suppose c*m = 4 + 8. What is the units digit of m?
3
Let s(f) = -8*f - 11. Suppose -k = 2 + 5. What is the units digit of s(k)?
5
Suppose 10*l - 403317 = -113*l. What is the units digit of l?
9
Let p(s) = s**2 + 14*s - 28. What is the hundreds digit of p(-30)?
4
Suppose 0 = -2*q - 4*i - 32, 3*q = q + i - 7. Let d(s) = 2*s**2 + 3*s + 5. What is the units digit of d(q)?
9
Let z(v) = -4*v**3 + v**2 - 3*v - 3. Let s = 26 + -29. What is the units digit of z(s)?
3
Let l(n) = 284*n**3 + n**2 - 1. What is the hundreds digit of l(1)?
2
Let d(g) = 11*g + 13. Let l be d(-6). Let s = 18 - l. What is the tens digit of s?
7
Let q be -1 + 3 + -6 - -32. What is the units digit of (q/(-35))/(4/(-410))?
2
Suppose -49*b + 52197 = -45068. What is the tens digit of b?
8
Suppose 0*k - 3*k = -2*f - 8, -f + 5*k - 18 = 0. Suppose -2*o = 2, 0 = -q + 3*o - f + 12. What is the units digit of q?
7
Let k(m) = -m**3 - 32*m**2 - 79*m - 122. What is the tens digit of k(-30)?
4
Let b(v) = 75*v - 114. What is the hundreds digit of b(26)?
8
Let h(s) = -s**2 - 11*s + 306. What is the tens digit of h(0)?
0
Let p = 3 + 0. Suppose 5*a = -20, p*y + 668 = 6*y - 2*a. What is the units digit of y?
0
Suppose 3*j - 10932 = -5*d + 701, -d - 4*j = -2313. What is the hundreds digit of d?
3
Suppose 16*o - 14*o = 952. What is the tens digit of o?
7
Let n = 87 + 28. Suppose -9*z + n = -8*z. What is the hundreds digit of z?
1
Let k(q) = -q**3 - 9*q**2 + 9*q + 3. Let t = -18 - -8. Let b be k(t). Let v = -6 + b. What is the units digit of v?
7
Suppose -v - 64 = -4*x, 3*x + 4 = -v + 45. Suppose -980 = -20*s + x*s. What is the hundreds digit of s?
1
Let v(r) = -28*r**3 + r**2 - 1. Let a be v(-1). Let j = -195 - -287. Suppose a = 2*h - j. What is the units digit of h?
0
Suppose 31 = -2*l + 19. Let t = 8 - l. What is the tens digit of t?
1
Let o = 140 + -41. Suppose o = 5*w - 106. What is the tens digit of w?
4
Let g(o) = -18*o + 118. What is the tens digit of g(-8)?
6
Let g(n) = 207*n**2 - 12*n - 41. What is the tens digit of g(-3)?
5
Let r(d) = -6*d**2 + d - 1. Let z(t) = -7*t**2. Let j(w) = -6*r(w) + 5*z(w). Let m be j(6). Let a(k) = k**3 - 5*k**2 + k - 5. What is the tens digit of a(m)?
3
Suppose -5*m - f = -362, -m - 286 = -5*m + f. Let a = m - -36. What is the units digit of a?
8
Suppose -4 = -a - s - 3*s, 3*s = 2*a + 3. Suppose 0*i - 4*i + 472 = a. Let m = -53 + i. What is the units digit of m?
5
Let g(f) = -f**3 + 15*f**2 + 18*f - 10. Suppose 0 = -5*i + 42 + 38. What is the units digit of g(i)?
2
Suppose 80 - 26 = 3*d. Let x = d - 29. Let t = x - -26. What is the tens digit of t?
1
Suppose -703*t + 9933 = -692*t. What is the units digit of t?
3
Suppose 3*s - 4*l - 249 = 0, 7*l = 3*s + 9*l - 267. What is the tens digit of s?
8
Let o(j) = -5 + 11 - 19*j - 8. Let c be o(-7). Suppose -c = -3*